{"id":1018,"date":"2021-01-29T16:56:33","date_gmt":"2021-01-29T15:56:33","guid":{"rendered":"http:\/\/mobelinde.com\/cat\/?page_id=1018"},"modified":"2021-01-29T17:15:34","modified_gmt":"2021-01-29T16:15:34","slug":"mobelinde-profesional","status":"publish","type":"page","link":"https:\/\/mobelinde.com\/cat\/mobelinde-profesional\/","title":{"rendered":"Professional"},"content":{"rendered":"<p>[vc_row full_width=&#8221;stretch_row&#8221; content_placement=&#8221;middle&#8221; css_animation=&#8221;none&#8221; el_class=&#8221;text-size-8&#8243;][vc_column][vc_column_text css_animation=&#8221;fadeIn&#8221; el_class=&#8221;text-size-3&#8243; css=&#8221;.vc_custom_1611936635840{margin-top: 10px !important;padding-bottom: 20px !important;}&#8221;]<\/p>\n<h2 style=\"text-align: center;\">HOSTALERIA \u00b7 RETAIL \u00b7 OFICINES CORPORATIVES<\/h2>\n<p>[\/vc_column_text][\/vc_column][vc_column width=&#8221;1\/2&#8243;][vc_single_image image=&#8221;1020&#8243; img_size=&#8221;full&#8221; alignment=&#8221;center&#8221; css_animation=&#8221;fadeIn&#8221; el_class=&#8221;padding-right-40&#8243;][\/vc_column][vc_column css_animation=&#8221;fadeIn&#8221; width=&#8221;1\/2&#8243;][vc_column_text css_animation=&#8221;none&#8221; css=&#8221;.vc_custom_1611936657574{margin-bottom: 10px !important;}&#8221; el_class=&#8221;text-size-8&#8243;]A l&#8217;\u00e9sser fabricant directe realitzem pressupostos molt ajustats a les necessitats de cada client.<\/p>\n<p>Disposem d&#8217;una xarxa de comercials que li podran visitar per informar-lo personalment de qualsevol q\u00fcesti\u00f3 que necessiti.<\/p>\n<p>Per oficines i per a hotels, per a espais l&#8217;activitat exigeixen una mica m\u00e9s, opcions mobiliari a mida amb llibreries componibles, modulaci\u00f3, calaixos, taules m\u00faltiples a triar, rodament amb rodes engomades per a parquet, modulaci\u00f3 baixa de calaixos i portes amb diferents possibilitats. Opcions de seguretat amb clau, escriptoris maleters, passafils especials. Solucions est\u00e8tiques i pr\u00e0ctiques que solucionaran d&#8217;una manera diferent les necessitats m\u00e9s exclusives.<\/p>\n<p>Pressupostos a mida en el lloc i considerant totes les condicionants edil\u00edcies i adaptant els dissenys a l&#8217;cm.[\/vc_column_text][\/vc_column][\/vc_row][vc_row full_width=&#8221;stretch_row&#8221; css_animation=&#8221;fadeIn&#8221;][vc_column][vc_separator color=&#8221;custom&#8221; border_width=&#8221;7&#8243; el_width=&#8221;20&#8243; css_animation=&#8221;fadeInUp&#8221; accent_color=&#8221;#ff6600&#8243; css=&#8221;.vc_custom_1605744861754{margin-top: 80px !important;margin-bottom: 60px !important;}&#8221;][vc_row_inner][vc_column_inner width=&#8221;1\/4&#8243; offset=&#8221;vc_col-md-2&#8243;][vc_single_image image=&#8221;1026&#8243; img_size=&#8221;full&#8221; alignment=&#8221;center&#8221; css_animation=&#8221;none&#8221;][\/vc_column_inner][vc_column_inner width=&#8221;3\/4&#8243; offset=&#8221;vc_col-md-9&#8243;][vc_column_text]<strong>DE PROFESSIONALS PER A PROFESSIONALS:<\/strong> A Mobelinde posem tots els nostres anys d&#8217;experi\u00e8ncia per atendre tamb\u00e9 necessitats que surten de l&#8217;\u00e0mbit de la llar. Tot l&#8217;equipament mobiliari que poden necessitar espais com hotels, restaurants, bars, botigues o retailing, recepcions, oficines corporatives o espais d&#8217;emmagatzematge, s\u00f3n un desafiament per a nosaltres que ens apassiona treballar.[\/vc_column_text][\/vc_column_inner][\/vc_row_inner][\/vc_column][\/vc_row][vc_row full_width=&#8221;stretch_row_content_no_spaces&#8221; css=&#8221;.vc_custom_1605745326659{margin-top: 40px !important;}&#8221;][vc_column][vc_single_image image=&#8221;313&#8243; img_size=&#8221;full&#8221; alignment=&#8221;center&#8221; css_animation=&#8221;fadeIn&#8221;][\/vc_column][\/vc_row][vc_row full_width=&#8221;stretch_row&#8221;][vc_column offset=&#8221;vc_col-md-offset-2 vc_col-md-8 vc_col-sm-offset-0 vc_col-xs-offset-1 vc_col-xs-10&#8243;][vc_column_text css_animation=&#8221;fadeIn&#8221; el_class=&#8221;cita&#8221;]<\/p>\n<h4>A Mobelinde posem tots els nostres anys d&#8217;experi\u00e8ncia per atendre tamb\u00e9 necessitats que surten de l&#8217;\u00e0mbit de la llar.<\/h4>\n<p>[\/vc_column_text][\/vc_column][\/vc_row][vc_row full_width=&#8221;stretch_row&#8221; content_placement=&#8221;middle&#8221; css_animation=&#8221;none&#8221; el_class=&#8221;text-size-8&#8243;][vc_column css_animation=&#8221;fadeIn&#8221; width=&#8221;1\/2&#8243; el_class=&#8221;padding-right-40&#8243;][vc_column_text css_animation=&#8221;none&#8221; el_class=&#8221;text-size-3&#8243;]<\/p>\n<h2>Professionals a mida.<\/h2>\n<p>[\/vc_column_text][vc_column_text css_animation=&#8221;none&#8221; css=&#8221;.vc_custom_1611936737342{margin-bottom: 10px !important;}&#8221; el_class=&#8221;text-size-8&#8243;]Mobiliari a mida des del pressupost, perqu\u00e8 posarem a disposici\u00f3 al nostre equip de comercials per fer el millor relavamiento de l&#8217;espai que tinguis disponible, con\u00e8ixer tots els detalls de el projecte, analitzar possibles adaptacions per a &#8220;copiar&#8221; la silueta de l&#8217;moble de manera perfecta aconseguint per una part evitar sorpreses en obra i per una altra que cada pe\u00e7a encaixi a la perfecci\u00f3.<\/p>\n<p>Tot aix\u00f2 far\u00e0 m\u00e9s que el pressupost sempre sigui el m\u00e9s ajustat, no nom\u00e9s per evitar utilitzaci\u00f3 de material en exc\u00e9s sin\u00f3 a m\u00e9s perqu\u00e8 s&#8217;optimitzaran temps de lliurament i coordinaci\u00f3 amb la resta de professionals que intervinguin en el projecte.[\/vc_column_text][\/vc_column][vc_column width=&#8221;1\/2&#8243;][vc_single_image image=&#8221;1021&#8243; img_size=&#8221;full&#8221; alignment=&#8221;center&#8221; css_animation=&#8221;fadeIn&#8221;][\/vc_column][\/vc_row]<\/p>\n","protected":false},"excerpt":{"rendered":"<p>[vc_row full_width=&#8221;stretch_row&#8221; content_placement=&#8221;middle&#8221; css_animation=&#8221;none&#8221; el_class=&#8221;text-size-8&#8243;][vc_column][vc_column_text css_animation=&#8221;fadeIn&#8221; el_class=&#8221;text-size-3&#8243; css=&#8221;.vc_custom_1611936635840{margin-top: 10px !important;padding-bottom: 20px !important;}&#8221;] HOSTALERIA \u00b7 RETAIL \u00b7 OFICINES CORPORATIVES [\/vc_column_text][\/vc_column][vc_column width=&#8221;1\/2&#8243;][vc_single_image image=&#8221;1020&#8243; img_size=&#8221;full&#8221; alignment=&#8221;center&#8221; css_animation=&#8221;fadeIn&#8221; el_class=&#8221;padding-right-40&#8243;][\/vc_column][vc_column css_animation=&#8221;fadeIn&#8221; width=&#8221;1\/2&#8243;][vc_column_text css_animation=&#8221;none&#8221; css=&#8221;.vc_custom_1611936657574{margin-bottom: 10px !important;}&#8221; el_class=&#8221;text-size-8&#8243;]A l&#8217;\u00e9sser fabricant directe realitzem pressupostos molt ajustats a les necessitats de cada client. Disposem d&#8217;una xarxa de comercials que li podran visitar per [&hellip;]<\/p>\n","protected":false},"author":2,"featured_media":0,"parent":0,"menu_order":0,"comment_status":"closed","ping_status":"closed","template":"","meta":{"footnotes":"","_joinchat":[]},"_links":{"self":[{"href":"https:\/\/mobelinde.com\/cat\/wp-json\/wp\/v2\/pages\/1018"}],"collection":[{"href":"https:\/\/mobelinde.com\/cat\/wp-json\/wp\/v2\/pages"}],"about":[{"href":"https:\/\/mobelinde.com\/cat\/wp-json\/wp\/v2\/types\/page"}],"author":[{"embeddable":true,"href":"https:\/\/mobelinde.com\/cat\/wp-json\/wp\/v2\/users\/2"}],"replies":[{"embeddable":true,"href":"https:\/\/mobelinde.com\/cat\/wp-json\/wp\/v2\/comments?post=1018"}],"version-history":[{"count":12,"href":"https:\/\/mobelinde.com\/cat\/wp-json\/wp\/v2\/pages\/1018\/revisions"}],"predecessor-version":[{"id":1035,"href":"https:\/\/mobelinde.com\/cat\/wp-json\/wp\/v2\/pages\/1018\/revisions\/1035"}],"wp:attachment":[{"href":"https:\/\/mobelinde.com\/cat\/wp-json\/wp\/v2\/media?parent=1018"}],"curies":[{"name":"wp","href":"https:\/\/api.w.org\/{rel}","templated":true}]}}